{"id":4940,"date":"2015-10-25T17:46:21","date_gmt":"2015-10-25T16:46:21","guid":{"rendered":"https:\/\/www.generaleprefabbricatispa.com\/realizzazioni\/data-4-italy-edificio-data-center-dc01\/"},"modified":"2015-10-25T17:46:21","modified_gmt":"2015-10-25T16:46:21","slug":"data-4-italy-edificio-data-center-dc01","status":"publish","type":"dt_portfolio","link":"https:\/\/www.generaleprefabbricatispa.com\/fr\/realisations\/data-4-italy-edificio-data-center-dc01\/","title":{"rendered":"DATA 4 ITALY EDIFICIO DATA CENTER DC01"},"content":{"rendered":"<p>R\u00e9alisation d&#8217;un nouvel \u00c9difice destin\u00e9 \u00e0 \u00eatre un Centre de Donn\u00e9es<\/p>\n","protected":false},"excerpt":{"rendered":"<p>R\u00e9alisation d&#8217;un nouvel \u00c9difice destin\u00e9 \u00e0 \u00eatre un Centre de Donn\u00e9es<\/p>\n","protected":false},"author":17,"featured_media":4329,"template":"","dt_portfolio_category":[36],"dt_portfolio_tags":[],"class_list":["post-4940","dt_portfolio","type-dt_portfolio","status-publish","has-post-thumbnail","hentry","dt_portfolio_category-construction-industrialisee","dt_portfolio_category-36","description-off"],"_links":{"self":[{"href":"https:\/\/www.generaleprefabbricatispa.com\/fr\/wp-json\/wp\/v2\/dt_portfolio\/4940","targetHints":{"allow":["GET"]}}],"collection":[{"href":"https:\/\/www.generaleprefabbricatispa.com\/fr\/wp-json\/wp\/v2\/dt_portfolio"}],"about":[{"href":"https:\/\/www.generaleprefabbricatispa.com\/fr\/wp-json\/wp\/v2\/types\/dt_portfolio"}],"author":[{"embeddable":true,"href":"https:\/\/www.generaleprefabbricatispa.com\/fr\/wp-json\/wp\/v2\/users\/17"}],"version-history":[{"count":0,"href":"https:\/\/www.generaleprefabbricatispa.com\/fr\/wp-json\/wp\/v2\/dt_portfolio\/4940\/revisions"}],"wp:featuredmedia":[{"embeddable":true,"href":"https:\/\/www.generaleprefabbricatispa.com\/fr\/wp-json\/wp\/v2\/media\/4329"}],"wp:attachment":[{"href":"https:\/\/www.generaleprefabbricatispa.com\/fr\/wp-json\/wp\/v2\/media?parent=4940"}],"wp:term":[{"taxonomy":"dt_portfolio_category","embeddable":true,"href":"https:\/\/www.generaleprefabbricatispa.com\/fr\/wp-json\/wp\/v2\/dt_portfolio_category?post=4940"},{"taxonomy":"dt_portfolio_tags","embeddable":true,"href":"https:\/\/www.generaleprefabbricatispa.com\/fr\/wp-json\/wp\/v2\/dt_portfolio_tags?post=4940"}],"curies":[{"name":"wp","href":"https:\/\/api.w.org\/{rel}","templated":true}]}}

<p>Réalisation d&#8217;un nouvel Édifice destiné à être un Centre de Données</p>
