{"id":4943,"date":"2015-10-23T08:56:01","date_gmt":"2015-10-23T06:56:01","guid":{"rendered":"https:\/\/www.generaleprefabbricatispa.com\/realizzazioni\/edifice-prefabrique-seda-italy-spa\/"},"modified":"2015-10-23T08:56:01","modified_gmt":"2015-10-23T06:56:01","slug":"edifice-prefabrique-seda-italy-spa","status":"publish","type":"dt_portfolio","link":"https:\/\/www.generaleprefabbricatispa.com\/fr\/realisations\/edifice-prefabrique-seda-italy-spa\/","title":{"rendered":"\u00c9DIFICE PR\u00c9FABRIQU\u00c9 \u201cSEDA ITALY SPA\u201d"},"content":{"rendered":"<p>\u00c9DIFICE PR\u00c9FABRIQU\u00c9 \u201cSEDA ITALY SPA\u201d<\/p>\n","protected":false},"excerpt":{"rendered":"<p>\u00c9DIFICE PR\u00c9FABRIQU\u00c9 \u201cSEDA ITALY SPA\u201d<\/p>\n","protected":false},"author":17,"featured_media":4649,"template":"","dt_portfolio_category":[36],"dt_portfolio_tags":[],"class_list":["post-4943","dt_portfolio","type-dt_portfolio","status-publish","has-post-thumbnail","hentry","dt_portfolio_category-construction-industrialisee","dt_portfolio_category-36","description-off"],"_links":{"self":[{"href":"https:\/\/www.generaleprefabbricatispa.com\/fr\/wp-json\/wp\/v2\/dt_portfolio\/4943","targetHints":{"allow":["GET"]}}],"collection":[{"href":"https:\/\/www.generaleprefabbricatispa.com\/fr\/wp-json\/wp\/v2\/dt_portfolio"}],"about":[{"href":"https:\/\/www.generaleprefabbricatispa.com\/fr\/wp-json\/wp\/v2\/types\/dt_portfolio"}],"author":[{"embeddable":true,"href":"https:\/\/www.generaleprefabbricatispa.com\/fr\/wp-json\/wp\/v2\/users\/17"}],"version-history":[{"count":0,"href":"https:\/\/www.generaleprefabbricatispa.com\/fr\/wp-json\/wp\/v2\/dt_portfolio\/4943\/revisions"}],"wp:featuredmedia":[{"embeddable":true,"href":"https:\/\/www.generaleprefabbricatispa.com\/fr\/wp-json\/wp\/v2\/media\/4649"}],"wp:attachment":[{"href":"https:\/\/www.generaleprefabbricatispa.com\/fr\/wp-json\/wp\/v2\/media?parent=4943"}],"wp:term":[{"taxonomy":"dt_portfolio_category","embeddable":true,"href":"https:\/\/www.generaleprefabbricatispa.com\/fr\/wp-json\/wp\/v2\/dt_portfolio_category?post=4943"},{"taxonomy":"dt_portfolio_tags","embeddable":true,"href":"https:\/\/www.generaleprefabbricatispa.com\/fr\/wp-json\/wp\/v2\/dt_portfolio_tags?post=4943"}],"curies":[{"name":"wp","href":"https:\/\/api.w.org\/{rel}","templated":true}]}}

ÉDIFICE PRÉFABRIQUÉ “SEDA ITALY SPA”

<p>ÉDIFICE PRÉFABRIQUÉ “SEDA ITALY SPA”</p>
