{"id":4975,"date":"2012-03-30T12:30:05","date_gmt":"2012-03-30T10:30:05","guid":{"rendered":"https:\/\/www.generaleprefabbricatispa.com\/realizzazioni\/centre-sport-virgin\/"},"modified":"2012-03-30T12:30:05","modified_gmt":"2012-03-30T10:30:05","slug":"centre-sport-virgin","status":"publish","type":"dt_portfolio","link":"https:\/\/www.generaleprefabbricatispa.com\/fr\/realisations\/centre-sport-virgin\/","title":{"rendered":"CENTRE SPORT VIRGIN"},"content":{"rendered":"<p>R\u00e9alisation d&#8217;un \u201cPoint Vert Qualit\u00e9\u201d, via Cortina d\u2019 Ampezzo \u00e0 Rome avec un centre sportif attenant sur 8.000 m2 environ o\u00f9 s&#8217;installera la soci\u00e9t\u00e9 \u201cVirgin\u201d et un parking souterrain correspondant de 4500 m2 environ.<\/p>\n","protected":false},"excerpt":{"rendered":"<p>R\u00e9alisation d&#8217;un \u201cPoint Vert Qualit\u00e9\u201d, via Cortina d\u2019 Ampezzo \u00e0 Rome avec un centre sportif attenant sur 8.000 m2 environ o\u00f9 s&#8217;installera la soci\u00e9t\u00e9 \u201cVirgin\u201d et un parking souterrain correspondant de 4500 m2 environ.<\/p>\n","protected":false},"author":17,"featured_media":4007,"template":"","dt_portfolio_category":[37],"dt_portfolio_tags":[],"class_list":["post-4975","dt_portfolio","type-dt_portfolio","status-publish","has-post-thumbnail","hentry","dt_portfolio_category-plancher-alveolaire-spiroll","dt_portfolio_category-37","description-off"],"_links":{"self":[{"href":"https:\/\/www.generaleprefabbricatispa.com\/fr\/wp-json\/wp\/v2\/dt_portfolio\/4975","targetHints":{"allow":["GET"]}}],"collection":[{"href":"https:\/\/www.generaleprefabbricatispa.com\/fr\/wp-json\/wp\/v2\/dt_portfolio"}],"about":[{"href":"https:\/\/www.generaleprefabbricatispa.com\/fr\/wp-json\/wp\/v2\/types\/dt_portfolio"}],"author":[{"embeddable":true,"href":"https:\/\/www.generaleprefabbricatispa.com\/fr\/wp-json\/wp\/v2\/users\/17"}],"version-history":[{"count":0,"href":"https:\/\/www.generaleprefabbricatispa.com\/fr\/wp-json\/wp\/v2\/dt_portfolio\/4975\/revisions"}],"wp:featuredmedia":[{"embeddable":true,"href":"https:\/\/www.generaleprefabbricatispa.com\/fr\/wp-json\/wp\/v2\/media\/4007"}],"wp:attachment":[{"href":"https:\/\/www.generaleprefabbricatispa.com\/fr\/wp-json\/wp\/v2\/media?parent=4975"}],"wp:term":[{"taxonomy":"dt_portfolio_category","embeddable":true,"href":"https:\/\/www.generaleprefabbricatispa.com\/fr\/wp-json\/wp\/v2\/dt_portfolio_category?post=4975"},{"taxonomy":"dt_portfolio_tags","embeddable":true,"href":"https:\/\/www.generaleprefabbricatispa.com\/fr\/wp-json\/wp\/v2\/dt_portfolio_tags?post=4975"}],"curies":[{"name":"wp","href":"https:\/\/api.w.org\/{rel}","templated":true}]}}

<p>Réalisation d&#8217;un “Point Vert Qualité”, via Cortina d’ Ampezzo à Rome avec un centre sportif attenant sur 8.000 m2 environ où s&#8217;installera la société “Virgin” et un parking souterrain correspondant de 4500 m2 environ.</p>
