{"id":4976,"date":"2012-02-08T18:10:11","date_gmt":"2012-02-08T17:10:11","guid":{"rendered":"https:\/\/www.generaleprefabbricatispa.com\/realizzazioni\/edifice-polyfonctionnel-immobiliare-argentario\/"},"modified":"2012-02-08T18:10:11","modified_gmt":"2012-02-08T17:10:11","slug":"edifice-polyfonctionnel-immobiliare-argentario","status":"publish","type":"dt_portfolio","link":"https:\/\/www.generaleprefabbricatispa.com\/fr\/realisations\/edifice-polyfonctionnel-immobiliare-argentario\/","title":{"rendered":"\u00c9DIFICE POLYFONCTIONNEL IMMOBILIARE ARGENTARIO"},"content":{"rendered":"<p>Le projet, divis\u00e9 en deux lots pr\u00e9voit l&#8217;installation des dalles Spiroll sur une structure de huit \u00e9tages enti\u00e8rement m\u00e9tallique.<br \/>\nGenerale Prefabbricati a fourni actuellement le premier lot.<\/p>\n","protected":false},"excerpt":{"rendered":"<p>Le projet, divis\u00e9 en deux lots pr\u00e9voit l&#8217;installation des dalles Spiroll sur une structure de huit \u00e9tages enti\u00e8rement m\u00e9tallique. Generale Prefabbricati a fourni actuellement le premier lot.<\/p>\n","protected":false},"author":17,"featured_media":4087,"template":"","dt_portfolio_category":[37],"dt_portfolio_tags":[],"class_list":["post-4976","dt_portfolio","type-dt_portfolio","status-publish","has-post-thumbnail","hentry","dt_portfolio_category-plancher-alveolaire-spiroll","dt_portfolio_category-37","description-off"],"_links":{"self":[{"href":"https:\/\/www.generaleprefabbricatispa.com\/fr\/wp-json\/wp\/v2\/dt_portfolio\/4976","targetHints":{"allow":["GET"]}}],"collection":[{"href":"https:\/\/www.generaleprefabbricatispa.com\/fr\/wp-json\/wp\/v2\/dt_portfolio"}],"about":[{"href":"https:\/\/www.generaleprefabbricatispa.com\/fr\/wp-json\/wp\/v2\/types\/dt_portfolio"}],"author":[{"embeddable":true,"href":"https:\/\/www.generaleprefabbricatispa.com\/fr\/wp-json\/wp\/v2\/users\/17"}],"version-history":[{"count":0,"href":"https:\/\/www.generaleprefabbricatispa.com\/fr\/wp-json\/wp\/v2\/dt_portfolio\/4976\/revisions"}],"wp:featuredmedia":[{"embeddable":true,"href":"https:\/\/www.generaleprefabbricatispa.com\/fr\/wp-json\/wp\/v2\/media\/4087"}],"wp:attachment":[{"href":"https:\/\/www.generaleprefabbricatispa.com\/fr\/wp-json\/wp\/v2\/media?parent=4976"}],"wp:term":[{"taxonomy":"dt_portfolio_category","embeddable":true,"href":"https:\/\/www.generaleprefabbricatispa.com\/fr\/wp-json\/wp\/v2\/dt_portfolio_category?post=4976"},{"taxonomy":"dt_portfolio_tags","embeddable":true,"href":"https:\/\/www.generaleprefabbricatispa.com\/fr\/wp-json\/wp\/v2\/dt_portfolio_tags?post=4976"}],"curies":[{"name":"wp","href":"https:\/\/api.w.org\/{rel}","templated":true}]}}

ÉDIFICE POLYFONCTIONNEL IMMOBILIARE ARGENTARIO

<p>Le projet, divisé en deux lots prévoit l&#8217;installation des dalles Spiroll sur une structure de huit étages entièrement métallique.<br />
Generale Prefabbricati a fourni actuellement le premier lot.</p>

<p>Le projet, divisé en deux lots prévoit l&#8217;installation des dalles Spiroll sur une structure de huit étages entièrement métallique. Generale Prefabbricati a fourni actuellement le premier lot.</p>
