{"id":4984,"date":"2011-08-29T08:32:44","date_gmt":"2011-08-29T06:32:44","guid":{"rendered":"https:\/\/www.generaleprefabbricatispa.com\/realizzazioni\/palazzo-lombardia\/"},"modified":"2011-08-29T08:32:44","modified_gmt":"2011-08-29T06:32:44","slug":"palazzo-lombardia","status":"publish","type":"dt_portfolio","link":"https:\/\/www.generaleprefabbricatispa.com\/fr\/realisations\/palazzo-lombardia\/","title":{"rendered":"Palazzo Lombardia"},"content":{"rendered":"<p>Le Palazzo Lombardia\u00a0est un ensemble unitaire d&#8217;\u00e9difices, parmi lesquels un gratte-ciel de 161,3 m\u00e8tres de haut (le plus \u00e9lev\u00e9 d&#8217;Italie), o\u00f9 se trouve le si\u00e8ge du Gouvernement de la Lombardie avec la Pr\u00e9sidence et la totalit\u00e9 des Conseillers R\u00e9gionaux. L&#8217;ensemble a \u00e9t\u00e9 con\u00e7u par le groupe compos\u00e9 par Pei Cobb Freed &amp; Partners de New York, Caputo Partnership et Sistema Duemila, tous les deux de Milan. L&#8217;\u00e9difice est situ\u00e8 dans un espace de 33 700 m\u00e8tres carr\u00e9s et les travaux ont commenc\u00e9 en 2007 et sont termin\u00e9s en 2011.<\/p>\n<p>Le nouveau si\u00e8ge est compos\u00e9 d&#8217;une tour en b\u00e9ton arm\u00e9, acier et verre, entour\u00e9 par un syst\u00e8me complexe d&#8217;\u00e9difices curvilignes,\u00a0reli\u00e9s par une place ovo\u00efdale avec une couverture en mati\u00e8re plastique.\u00a0 Tous les sols techniques sur\u00e9lev\u00e9s ont \u00e9t\u00e9 r\u00e9alis\u00e9s par Edil Beton Perugia en utilisant le produit SFloor, environ 70 mille m\u00e8tres carr\u00e9s de sol technique ont \u00e9t\u00e9 produits et pos\u00e9s, c&#8217;est plus grande commande de tous les temps en Italie, certainement l&#8217;exp\u00e9rience accumul\u00e9e par Edil Beton en France dans le quartier de la D\u00e9fense pour des ouvrages similaires a jou\u00e8 un r\u00f4le d\u00e9terminant pour la r\u00e9ussite de la solution technique.<\/p>\n","protected":false},"excerpt":{"rendered":"<p>Le Palazzo Lombardia\u00a0est un ensemble unitaire d&#8217;\u00e9difices, parmi lesquels un gratte-ciel de 161,3 m\u00e8tres de haut (le plus \u00e9lev\u00e9 d&#8217;Italie), o\u00f9 se trouve le si\u00e8ge du Gouvernement de la Lombardie avec la Pr\u00e9sidence et la totalit\u00e9 des Conseillers R\u00e9gionaux. L&#8217;ensemble a \u00e9t\u00e9 con\u00e7u par le groupe compos\u00e9 par Pei Cobb Freed &amp; Partners de New&hellip;<\/p>\n","protected":false},"author":17,"featured_media":4551,"template":"","dt_portfolio_category":[39],"dt_portfolio_tags":[],"class_list":["post-4984","dt_portfolio","type-dt_portfolio","status-publish","has-post-thumbnail","hentry","dt_portfolio_category-edilbeton-gfrc","dt_portfolio_category-39","description-off"],"_links":{"self":[{"href":"https:\/\/www.generaleprefabbricatispa.com\/fr\/wp-json\/wp\/v2\/dt_portfolio\/4984","targetHints":{"allow":["GET"]}}],"collection":[{"href":"https:\/\/www.generaleprefabbricatispa.com\/fr\/wp-json\/wp\/v2\/dt_portfolio"}],"about":[{"href":"https:\/\/www.generaleprefabbricatispa.com\/fr\/wp-json\/wp\/v2\/types\/dt_portfolio"}],"author":[{"embeddable":true,"href":"https:\/\/www.generaleprefabbricatispa.com\/fr\/wp-json\/wp\/v2\/users\/17"}],"version-history":[{"count":0,"href":"https:\/\/www.generaleprefabbricatispa.com\/fr\/wp-json\/wp\/v2\/dt_portfolio\/4984\/revisions"}],"wp:featuredmedia":[{"embeddable":true,"href":"https:\/\/www.generaleprefabbricatispa.com\/fr\/wp-json\/wp\/v2\/media\/4551"}],"wp:attachment":[{"href":"https:\/\/www.generaleprefabbricatispa.com\/fr\/wp-json\/wp\/v2\/media?parent=4984"}],"wp:term":[{"taxonomy":"dt_portfolio_category","embeddable":true,"href":"https:\/\/www.generaleprefabbricatispa.com\/fr\/wp-json\/wp\/v2\/dt_portfolio_category?post=4984"},{"taxonomy":"dt_portfolio_tags","embeddable":true,"href":"https:\/\/www.generaleprefabbricatispa.com\/fr\/wp-json\/wp\/v2\/dt_portfolio_tags?post=4984"}],"curies":[{"name":"wp","href":"https:\/\/api.w.org\/{rel}","templated":true}]}}

<p>Le Palazzo Lombardia est un ensemble unitaire d&#8217;édifices, parmi lesquels un gratte-ciel de 161,3 mètres de haut (le plus élevé d&#8217;Italie), où se trouve le siège du Gouvernement de la Lombardie avec la Présidence et la totalité des Conseillers Régionaux. L&#8217;ensemble a été conçu par le groupe composé par Pei Cobb Freed &amp; Partners de New York, Caputo Partnership et Sistema Duemila, tous les deux de Milan. L&#8217;édifice est situè dans un espace de 33 700 mètres carrés et les travaux ont commencé en 2007 et sont terminés en 2011.</p>
<p>Le nouveau siège est composé d&#8217;une tour en béton armé, acier et verre, entouré par un système complexe d&#8217;édifices curvilignes, reliés par une place ovoïdale avec une couverture en matière plastique.  Tous les sols techniques surélevés ont été réalisés par Edil Beton Perugia en utilisant le produit SFloor, environ 70 mille mètres carrés de sol technique ont été produits et posés, c&#8217;est plus grande commande de tous les temps en Italie, certainement l&#8217;expérience accumulée par Edil Beton en France dans le quartier de la Défense pour des ouvrages similaires a jouè un rôle déterminant pour la réussite de la solution technique.</p>

<p>Le Palazzo Lombardia est un ensemble unitaire d&#8217;édifices, parmi lesquels un gratte-ciel de 161,3 mètres de haut (le plus élevé d&#8217;Italie), où se trouve le siège du Gouvernement de la Lombardie avec la Présidence et la totalité des Conseillers Régionaux. L&#8217;ensemble a été conçu par le groupe composé par Pei Cobb Freed &amp; Partners de New&hellip;</p>
