{"id":4990,"date":"2011-05-27T12:19:29","date_gmt":"2011-05-27T10:19:29","guid":{"rendered":"https:\/\/www.generaleprefabbricatispa.com\/realizzazioni\/edifice-commercial\/"},"modified":"2011-05-27T12:19:29","modified_gmt":"2011-05-27T10:19:29","slug":"edifice-commercial","status":"publish","type":"dt_portfolio","link":"https:\/\/www.generaleprefabbricatispa.com\/fr\/realisations\/edifice-commercial\/","title":{"rendered":"\u00c9DIFICE COMMERCIAL"},"content":{"rendered":"<p>\u00c9difice servant \u00e0 l&#8217;activit\u00e9 commerciale o\u00f9 le produit Spiroll a \u00e9t\u00e9 install\u00e9, outre qu&#8217;aux \u00e9tages, m\u00eame comme \u00e9l\u00e9ment de couverture en double pente.<br \/>\nOn a r\u00e9alis\u00e9 un petit travail sur les dalles du plancher spiroll en correspondance avec la panne faiti\u00e8re pour en augmenter la section r\u00e9sistante dans une zone comprim\u00e9e.<br \/>\nCette solution est particuli\u00e8rement utilis\u00e9e dans les cas d&#8217;utilisation de poutres en treillis.<\/p>\n","protected":false},"excerpt":{"rendered":"<p>\u00c9difice servant \u00e0 l&#8217;activit\u00e9 commerciale o\u00f9 le produit Spiroll a \u00e9t\u00e9 install\u00e9, outre qu&#8217;aux \u00e9tages, m\u00eame comme \u00e9l\u00e9ment de couverture en double pente. On a r\u00e9alis\u00e9 un petit travail sur les dalles du plancher spiroll en correspondance avec la panne faiti\u00e8re pour en augmenter la section r\u00e9sistante dans une zone comprim\u00e9e. Cette solution est particuli\u00e8rement&hellip;<\/p>\n","protected":false},"author":17,"featured_media":3899,"template":"","dt_portfolio_category":[37],"dt_portfolio_tags":[],"class_list":["post-4990","dt_portfolio","type-dt_portfolio","status-publish","has-post-thumbnail","hentry","dt_portfolio_category-plancher-alveolaire-spiroll","dt_portfolio_category-37","description-off"],"_links":{"self":[{"href":"https:\/\/www.generaleprefabbricatispa.com\/fr\/wp-json\/wp\/v2\/dt_portfolio\/4990","targetHints":{"allow":["GET"]}}],"collection":[{"href":"https:\/\/www.generaleprefabbricatispa.com\/fr\/wp-json\/wp\/v2\/dt_portfolio"}],"about":[{"href":"https:\/\/www.generaleprefabbricatispa.com\/fr\/wp-json\/wp\/v2\/types\/dt_portfolio"}],"author":[{"embeddable":true,"href":"https:\/\/www.generaleprefabbricatispa.com\/fr\/wp-json\/wp\/v2\/users\/17"}],"version-history":[{"count":0,"href":"https:\/\/www.generaleprefabbricatispa.com\/fr\/wp-json\/wp\/v2\/dt_portfolio\/4990\/revisions"}],"wp:featuredmedia":[{"embeddable":true,"href":"https:\/\/www.generaleprefabbricatispa.com\/fr\/wp-json\/wp\/v2\/media\/3899"}],"wp:attachment":[{"href":"https:\/\/www.generaleprefabbricatispa.com\/fr\/wp-json\/wp\/v2\/media?parent=4990"}],"wp:term":[{"taxonomy":"dt_portfolio_category","embeddable":true,"href":"https:\/\/www.generaleprefabbricatispa.com\/fr\/wp-json\/wp\/v2\/dt_portfolio_category?post=4990"},{"taxonomy":"dt_portfolio_tags","embeddable":true,"href":"https:\/\/www.generaleprefabbricatispa.com\/fr\/wp-json\/wp\/v2\/dt_portfolio_tags?post=4990"}],"curies":[{"name":"wp","href":"https:\/\/api.w.org\/{rel}","templated":true}]}}

ÉDIFICE COMMERCIAL

<p>Édifice servant à l&#8217;activité commerciale où le produit Spiroll a été installé, outre qu&#8217;aux étages, même comme élément de couverture en double pente.<br />
On a réalisé un petit travail sur les dalles du plancher spiroll en correspondance avec la panne faitière pour en augmenter la section résistante dans une zone comprimée.<br />
Cette solution est particulièrement utilisée dans les cas d&#8217;utilisation de poutres en treillis.</p>

<p>Édifice servant à l&#8217;activité commerciale où le produit Spiroll a été installé, outre qu&#8217;aux étages, même comme élément de couverture en double pente. On a réalisé un petit travail sur les dalles du plancher spiroll en correspondance avec la panne faitière pour en augmenter la section résistante dans une zone comprimée. Cette solution est particulièrement&hellip;</p>
