{"id":5001,"date":"2011-05-16T14:03:55","date_gmt":"2011-05-16T12:03:55","guid":{"rendered":"https:\/\/www.generaleprefabbricatispa.com\/realizzazioni\/innovation-commerciale-srl\/"},"modified":"2017-08-08T11:43:00","modified_gmt":"2017-08-08T09:43:00","slug":"innovation-commerciale-srl","status":"publish","type":"dt_portfolio","link":"https:\/\/www.generaleprefabbricatispa.com\/fr\/realisations\/innovation-commerciale-srl\/","title":{"rendered":"INNOVATION COMMERCIALE SRL"},"content":{"rendered":"<p>\u00c9difice Poly-fonctionnel en structure pr\u00e9fabriqu\u00e9e par Generale Prefabbricati avec des rev\u00eatements en panneaux architecturaux GRC avec finition en grenaille de marbre blanc carrara.<\/p>\n","protected":false},"excerpt":{"rendered":"<p>\u00c9difice Poly-fonctionnel en structure pr\u00e9fabriqu\u00e9e par Generale Prefabbricati avec des rev\u00eatements en panneaux architecturaux GRC avec finition en grenaille de marbre blanc carrara.<\/p>\n","protected":false},"author":17,"featured_media":4569,"template":"","dt_portfolio_category":[39],"dt_portfolio_tags":[],"class_list":["post-5001","dt_portfolio","type-dt_portfolio","status-publish","has-post-thumbnail","hentry","dt_portfolio_category-edilbeton-gfrc","dt_portfolio_category-39","description-off"],"_links":{"self":[{"href":"https:\/\/www.generaleprefabbricatispa.com\/fr\/wp-json\/wp\/v2\/dt_portfolio\/5001","targetHints":{"allow":["GET"]}}],"collection":[{"href":"https:\/\/www.generaleprefabbricatispa.com\/fr\/wp-json\/wp\/v2\/dt_portfolio"}],"about":[{"href":"https:\/\/www.generaleprefabbricatispa.com\/fr\/wp-json\/wp\/v2\/types\/dt_portfolio"}],"author":[{"embeddable":true,"href":"https:\/\/www.generaleprefabbricatispa.com\/fr\/wp-json\/wp\/v2\/users\/17"}],"version-history":[{"count":0,"href":"https:\/\/www.generaleprefabbricatispa.com\/fr\/wp-json\/wp\/v2\/dt_portfolio\/5001\/revisions"}],"wp:featuredmedia":[{"embeddable":true,"href":"https:\/\/www.generaleprefabbricatispa.com\/fr\/wp-json\/wp\/v2\/media\/4569"}],"wp:attachment":[{"href":"https:\/\/www.generaleprefabbricatispa.com\/fr\/wp-json\/wp\/v2\/media?parent=5001"}],"wp:term":[{"taxonomy":"dt_portfolio_category","embeddable":true,"href":"https:\/\/www.generaleprefabbricatispa.com\/fr\/wp-json\/wp\/v2\/dt_portfolio_category?post=5001"},{"taxonomy":"dt_portfolio_tags","embeddable":true,"href":"https:\/\/www.generaleprefabbricatispa.com\/fr\/wp-json\/wp\/v2\/dt_portfolio_tags?post=5001"}],"curies":[{"name":"wp","href":"https:\/\/api.w.org\/{rel}","templated":true}]}}

<p>Édifice Poly-fonctionnel en structure préfabriquée par Generale Prefabbricati avec des revêtements en panneaux architecturaux GRC avec finition en grenaille de marbre blanc carrara.</p>
