{"id":5019,"date":"2011-03-03T18:30:59","date_gmt":"2011-03-03T17:30:59","guid":{"rendered":"https:\/\/www.generaleprefabbricatispa.com\/realizzazioni\/centre-de-logistique-eurospin-tirrenica-spa\/"},"modified":"2011-03-03T18:30:59","modified_gmt":"2011-03-03T17:30:59","slug":"centre-de-logistique-eurospin-tirrenica-spa","status":"publish","type":"dt_portfolio","link":"https:\/\/www.generaleprefabbricatispa.com\/fr\/realisations\/centre-de-logistique-eurospin-tirrenica-spa\/","title":{"rendered":"CENTRE DE LOGISTIQUE \u201cEUROSPIN TIRRENICA SPA\u201d"},"content":{"rendered":"<p>GENERALE PREFABBRICATI a r\u00e9alis\u00e9 environ 15 000 m2 du centre logistique EUROSPIN TIRRENICA \u00e0 Magione (PG), en utilisant une maille structurelle de 17\u00d725 m\u00e8tres et une toiture avec poutres primaires et pannes avec compl\u00e9ment en t\u00f4le et isolant. La hauteur utile sous poutres est de 11 m\u00e8tres, les panneaux de tamponnement sont de type \u00e0 &#8220;rupture de pont thermique&#8221; avec finition grise du fond coffrage puis peinte sur place.<br \/>\nLe b\u00e2timent est parfaitement et compl\u00e8tement isol\u00e9 \u00e9tant donn\u00e9 que l&#8217;on y stocke les produits &#8220;froids&#8221; de cette importante cha\u00eene de grande distribution qui couvre la logistique de tout le centre de l&#8217;Italie.<br \/>\nIl y a 70 portes sectionnelles et stations de chargement le long des deux \u00e9tages de chargement r\u00e9alis\u00e9s.<\/p>\n","protected":false},"excerpt":{"rendered":"<p>GENERALE PREFABBRICATI a r\u00e9alis\u00e9 environ 15 000 m2 du centre logistique EUROSPIN TIRRENICA \u00e0 Magione (PG), en utilisant une maille structurelle de 17\u00d725 m\u00e8tres et une toiture avec poutres primaires et pannes avec compl\u00e9ment en t\u00f4le et isolant. La hauteur utile sous poutres est de 11 m\u00e8tres, les panneaux de tamponnement sont de type \u00e0&hellip;<\/p>\n","protected":false},"author":17,"featured_media":3761,"template":"","dt_portfolio_category":[36],"dt_portfolio_tags":[],"class_list":["post-5019","dt_portfolio","type-dt_portfolio","status-publish","has-post-thumbnail","hentry","dt_portfolio_category-construction-industrialisee","dt_portfolio_category-36","description-off"],"_links":{"self":[{"href":"https:\/\/www.generaleprefabbricatispa.com\/fr\/wp-json\/wp\/v2\/dt_portfolio\/5019","targetHints":{"allow":["GET"]}}],"collection":[{"href":"https:\/\/www.generaleprefabbricatispa.com\/fr\/wp-json\/wp\/v2\/dt_portfolio"}],"about":[{"href":"https:\/\/www.generaleprefabbricatispa.com\/fr\/wp-json\/wp\/v2\/types\/dt_portfolio"}],"author":[{"embeddable":true,"href":"https:\/\/www.generaleprefabbricatispa.com\/fr\/wp-json\/wp\/v2\/users\/17"}],"version-history":[{"count":0,"href":"https:\/\/www.generaleprefabbricatispa.com\/fr\/wp-json\/wp\/v2\/dt_portfolio\/5019\/revisions"}],"wp:featuredmedia":[{"embeddable":true,"href":"https:\/\/www.generaleprefabbricatispa.com\/fr\/wp-json\/wp\/v2\/media\/3761"}],"wp:attachment":[{"href":"https:\/\/www.generaleprefabbricatispa.com\/fr\/wp-json\/wp\/v2\/media?parent=5019"}],"wp:term":[{"taxonomy":"dt_portfolio_category","embeddable":true,"href":"https:\/\/www.generaleprefabbricatispa.com\/fr\/wp-json\/wp\/v2\/dt_portfolio_category?post=5019"},{"taxonomy":"dt_portfolio_tags","embeddable":true,"href":"https:\/\/www.generaleprefabbricatispa.com\/fr\/wp-json\/wp\/v2\/dt_portfolio_tags?post=5019"}],"curies":[{"name":"wp","href":"https:\/\/api.w.org\/{rel}","templated":true}]}}

<p>GENERALE PREFABBRICATI a réalisé environ 15 000 m2 du centre logistique EUROSPIN TIRRENICA à Magione (PG), en utilisant une maille structurelle de 17×25 mètres et une toiture avec poutres primaires et pannes avec complément en tôle et isolant. La hauteur utile sous poutres est de 11 mètres, les panneaux de tamponnement sont de type à &#8220;rupture de pont thermique&#8221; avec finition grise du fond coffrage puis peinte sur place.<br />
Le bâtiment est parfaitement et complètement isolé étant donné que l&#8217;on y stocke les produits &#8220;froids&#8221; de cette importante chaîne de grande distribution qui couvre la logistique de tout le centre de l&#8217;Italie.<br />
Il y a 70 portes sectionnelles et stations de chargement le long des deux étages de chargement réalisés.</p>

<p>GENERALE PREFABBRICATI a réalisé environ 15 000 m2 du centre logistique EUROSPIN TIRRENICA à Magione (PG), en utilisant une maille structurelle de 17×25 mètres et une toiture avec poutres primaires et pannes avec complément en tôle et isolant. La hauteur utile sous poutres est de 11 mètres, les panneaux de tamponnement sont de type à&hellip;</p>
