{"id":9015,"date":"2019-12-18T10:01:40","date_gmt":"2019-12-18T09:01:40","guid":{"rendered":"https:\/\/www.generaleprefabbricatispa.com\/realizzazioni\/place-agam-la-defense-paris-france\/"},"modified":"2019-12-18T10:01:40","modified_gmt":"2019-12-18T09:01:40","slug":"place-agam-la-defense-paris-france","status":"publish","type":"dt_portfolio","link":"https:\/\/www.generaleprefabbricatispa.com\/fr\/realisations\/place-agam-la-defense-paris-france\/","title":{"rendered":"PLACE AGAM &#8211; LA D\u00e9FENSE PARIS (FRANCE)"},"content":{"rendered":"<p>R\u00e9fection du trottoir de la Place Agam dans le quartier de La D\u00e9fense, Paris.<\/p>\n","protected":false},"excerpt":{"rendered":"<p>R\u00e9fection du trottoir de la Place Agam dans le quartier de La D\u00e9fense, Paris.<\/p>\n","protected":false},"author":61,"featured_media":8529,"template":"","dt_portfolio_category":[39,35],"dt_portfolio_tags":[],"class_list":["post-9015","dt_portfolio","type-dt_portfolio","status-publish","has-post-thumbnail","hentry","dt_portfolio_category-edilbeton-gfrc","dt_portfolio_category-realisations","dt_portfolio_category-39","dt_portfolio_category-35","description-off"],"_links":{"self":[{"href":"https:\/\/www.generaleprefabbricatispa.com\/fr\/wp-json\/wp\/v2\/dt_portfolio\/9015","targetHints":{"allow":["GET"]}}],"collection":[{"href":"https:\/\/www.generaleprefabbricatispa.com\/fr\/wp-json\/wp\/v2\/dt_portfolio"}],"about":[{"href":"https:\/\/www.generaleprefabbricatispa.com\/fr\/wp-json\/wp\/v2\/types\/dt_portfolio"}],"author":[{"embeddable":true,"href":"https:\/\/www.generaleprefabbricatispa.com\/fr\/wp-json\/wp\/v2\/users\/61"}],"version-history":[{"count":0,"href":"https:\/\/www.generaleprefabbricatispa.com\/fr\/wp-json\/wp\/v2\/dt_portfolio\/9015\/revisions"}],"wp:featuredmedia":[{"embeddable":true,"href":"https:\/\/www.generaleprefabbricatispa.com\/fr\/wp-json\/wp\/v2\/media\/8529"}],"wp:attachment":[{"href":"https:\/\/www.generaleprefabbricatispa.com\/fr\/wp-json\/wp\/v2\/media?parent=9015"}],"wp:term":[{"taxonomy":"dt_portfolio_category","embeddable":true,"href":"https:\/\/www.generaleprefabbricatispa.com\/fr\/wp-json\/wp\/v2\/dt_portfolio_category?post=9015"},{"taxonomy":"dt_portfolio_tags","embeddable":true,"href":"https:\/\/www.generaleprefabbricatispa.com\/fr\/wp-json\/wp\/v2\/dt_portfolio_tags?post=9015"}],"curies":[{"name":"wp","href":"https:\/\/api.w.org\/{rel}","templated":true}]}}

PLACE AGAM &#8211; LA DéFENSE PARIS (FRANCE)

<p>Réfection du trottoir de la Place Agam dans le quartier de La Défense, Paris.</p>
